{"id":140,"date":"2011-10-31T17:11:34","date_gmt":"2011-10-31T17:11:34","guid":{"rendered":"http:\/\/www.ctainternacionales.org\/?page_id=140"},"modified":"2011-10-31T17:11:34","modified_gmt":"2011-10-31T17:11:34","slug":"perfil-adolfo-fito-aguirre","status":"publish","type":"page","link":"https:\/\/ctainternacionales.org\/?page_id=140","title":{"rendered":"Perfil Adolfo \u00abFito\u00bb Aguirre"},"content":{"rendered":"<p>Secretario de Relaciones Internacionales de la Central de Trabajadores de la Argentina (CTA).\u00a0Fue secretario General de la Coordinadora de Centrales Sindicales del Cono Sur (CCSCS), entre julio de 2009 y julio de 2011. Nacido en San Juan, se traslad\u00f3 a la ciudad de La Plata para estudiar en el Conservatorio de M\u00fasica Gilardo Gilardi, donde se convirti\u00f3 en presidente del Centro de Estudiantes y luego titular de la Federaci\u00f3n de Conservatorios de M\u00fasica bonaerenses. En 1988 fue electo delegado general de la Asociaci\u00f3n de Trabajadores del Estado (ATE-CTA) en la Direcci\u00f3n General de Cultura y Educaci\u00f3n y ocup\u00f3 distintas obligaciones como dirigente del Consejo Directivo Provincial de ATE. En 1997 fue electo diputado provincial, desde donde promovi\u00f3 la Ley de Promoci\u00f3n y Protecci\u00f3n de los Derechos de la Ni\u00f1ez y la de Negociaci\u00f3n Colectiva en el Sector P\u00fablico. En 2004 fund\u00f3 el Foro por los Derechos de la Ni\u00f1ez en la provincia de Buenos Aires. Fundador junto con V\u00edctor De Gennaro de la Corriente Nacional por la Unidad Popular (UP), que integra el Frente Amplio Progresista (FAP), fuerza de la cual es candidato a senador provincial por la ciudad de La Plata. Adem\u00e1s es coordinador nacional de la iniciativa pol\u00edtica \u00abHacia una Constituyente Social en la Argentina\u00bb.<\/p>\n","protected":false},"excerpt":{"rendered":"Secretario de Relaciones Internacionales de la Central de Trabajadores de la Argentina (CTA).\u00a0Fue secretario General de la Coordinadora de Centrales Sindicales del Cono \n<a class=\"moretag\" href=\"https:\/\/ctainternacionales.org\/?page_id=140\"> [...]<\/a>","protected":false},"author":1,"featured_media":0,"parent":0,"menu_order":0,"comment_status":"closed","ping_status":"closed","template":"","meta":{"ngg_post_thumbnail":0,"footnotes":""},"class_list":["post-140","page","type-page","status-publish","hentry"],"_links":{"self":[{"href":"https:\/\/ctainternacionales.org\/index.php?rest_route=\/wp\/v2\/pages\/140","targetHints":{"allow":["GET"]}}],"collection":[{"href":"https:\/\/ctainternacionales.org\/index.php?rest_route=\/wp\/v2\/pages"}],"about":[{"href":"https:\/\/ctainternacionales.org\/index.php?rest_route=\/wp\/v2\/types\/page"}],"author":[{"embeddable":true,"href":"https:\/\/ctainternacionales.org\/index.php?rest_route=\/wp\/v2\/users\/1"}],"replies":[{"embeddable":true,"href":"https:\/\/ctainternacionales.org\/index.php?rest_route=%2Fwp%2Fv2%2Fcomments&post=140"}],"version-history":[{"count":2,"href":"https:\/\/ctainternacionales.org\/index.php?rest_route=\/wp\/v2\/pages\/140\/revisions"}],"predecessor-version":[{"id":142,"href":"https:\/\/ctainternacionales.org\/index.php?rest_route=\/wp\/v2\/pages\/140\/revisions\/142"}],"wp:attachment":[{"href":"https:\/\/ctainternacionales.org\/index.php?rest_route=%2Fwp%2Fv2%2Fmedia&parent=140"}],"curies":[{"name":"wp","href":"https:\/\/api.w.org\/{rel}","templated":true}]}}

<p>Secretario de Relaciones Internacionales de la Central de Trabajadores de la Argentina (CTA). Fue secretario General de la Coordinadora de Centrales Sindicales del Cono Sur (CCSCS), entre julio de 2009 y julio de 2011. Nacido en San Juan, se trasladó a la ciudad de La Plata para estudiar en el Conservatorio de Música Gilardo Gilardi, donde se convirtió en presidente del Centro de Estudiantes y luego titular de la Federación de Conservatorios de Música bonaerenses. En 1988 fue electo delegado general de la Asociación de Trabajadores del Estado (ATE-CTA) en la Dirección General de Cultura y Educación y ocupó distintas obligaciones como dirigente del Consejo Directivo Provincial de ATE. En 1997 fue electo diputado provincial, desde donde promovió la Ley de Promoción y Protección de los Derechos de la Niñez y la de Negociación Colectiva en el Sector Público. En 2004 fundó el Foro por los Derechos de la Niñez en la provincia de Buenos Aires. Fundador junto con Víctor De Gennaro de la Corriente Nacional por la Unidad Popular (UP), que integra el Frente Amplio Progresista (FAP), fuerza de la cual es candidato a senador provincial por la ciudad de La Plata. Además es coordinador nacional de la iniciativa política «Hacia una Constituyente Social en la Argentina».</p>
